1. Let s be 14/3 - (-7)/21. Let g be w(s). Let x = -47 - g. What is the tens digit of x?
2
Suppose 2*t + 55 = 3*g, 2*t + 10 + 15 = g. Let v be g*-1*(-2)/6. Suppose 4*p + 16 = 0, 4*a - 217 + 65 = v*p. What is the units digit of a?
3
Suppose n = 8*n - 329. Suppose 5*p - n = 233. What is the units digit of p?
6
Let t(y) = -y**3 + 5*y**2 + y - 3. Let i be t(5). Let w be (24/(-5))/((-3)/15). Suppose w = -0*d + i*d. What is the units digit of d?
2
Suppose 544 + 1076 = o. What is the tens digit of o?
2
Suppose -3*o + 15 = 2*o. Let v(l) = 0*l**2 + 1 + l**o - 2*l**3 - 6*l**2. What is the units digit of v(-6)?
1
Let w(p) = -5*p**2 + 5*p + 6. Let m(s) = 6*s**2 - 5*s - 6. Let n be (-20)/(-4) - 1*-1. Let u(d) = n*m(d) + 7*w(d). What is the tens digit of u(-7)?
2
Let i = -7 - -8. Suppose -5*q - i = -11. Suppose 0 = q*x - 5*x + 66. What is the units digit of x?
2
Suppose -q + 3*c + 1914 + 1801 = 0, -5*q = -c - 18561. What is the units digit of q?
2
Suppose 6*a - 98 = 5*a. Let w = -55 + a. What is the tens digit of w?
4
What is the units digit of (30/(-21))/(14/(-25970))?
0
Let r(m) = 29*m - 10. Let c be r(4). Let q = 149 - c. Let p = 95 - q. What is the tens digit of p?
5
Let v = 544 - 569. Let m = 18 - 39. Let a = m - v. What is the units digit of a?
4
Let a(r) = -r**2 + r + 11. Suppose 4*m + 12 = -3*v, -5*v + 0 + 6 = -2*m. What is the units digit of a(v)?
1
Let u be ((-3)/2)/(1/4). Let k be 4/u - (-145)/(-3). Let m = k - -70. What is the tens digit of m?
2
Suppose 3*z - 20 - 7 = 0. Suppose 8*l + 183 = z*l. What is the hundreds digit of l?
1
Let k(l) = -l**3 - 6*l**2 + 7*l + 12. Suppose 0 = -2*j - 2*q - 26, 5*j + 22 = 4*q + 2. What is the units digit of k(j)?
4
What is the hundreds digit of (2784/72)/(20/165)?
3
Let h be (-10)/10 - (-429)/1. Suppose 0 = -3*r + s + 653, -2*r + h = -0*s + 3*s. What is the tens digit of r?
1
Let v(x) = -668*x + 175. What is the units digit of v(-4)?
7
Suppose -34*q + 4542 = -7596. What is the tens digit of q?
5
What is the units digit of (99/(-24) - -4) + 16710/48?
8
Let m(v) = -v**2 + 6*v + 2. Let j(u) = 1. Let b(g) = -2*j(g) - m(g). Let i be b(7). What is the units digit of 33*i/9*2?
2
Suppose 10944 = 27*u + 5*u. What is the tens digit of u?
4
Suppose -3*y - 5 = -4*y. Let n be y + (-4 - 0) - -28. Suppose -244 = -5*t - n. What is the tens digit of t?
4
Suppose 2*y + 3*a = 16, 3*y + y - 2*a = 0. Suppose y*v - 18 = 24. What is the tens digit of v?
2
Suppose -2*c + 0*c = -6. Suppose c*v - 4*v + 6 = 0. What is the units digit of ((-54)/4)/(-3)*v?
7
What is the tens digit of (-12 + (-39)/(-2))/(3/230)?
7
Let j be 4 - -1 - (6 + -3). Suppose -2 = -3*s + 3*d + 22, 5*s + j*d - 68 = 0. Suppose 4*w = 124 - s. What is the tens digit of w?
2
Let h(v) be the third derivative of -v**5/60 + 85*v**3/6 - 5*v**2. What is the tens digit of h(0)?
8
What is the tens digit of (-1923)/(-11) - (-8 + 688/88)?
7
Let c = -741 - -1466. What is the tens digit of c?
2
Suppose 1942 - 61142 = -25*z. What is the thousands digit of z?
2
Let x = 34 + -32. Suppose -x*t - 4*t = -144. What is the units digit of t?
4
Let y(z) = z**3 - 7*z**2 + z - 5. Let a be y(7). Suppose a*b - 1463 = -9*b. What is the hundreds digit of b?
1
Let s be (-1)/5 - 504/(-45). Let a(x) be the third derivative of -x**5/60 + 11*x**4/24 + 11*x**3/6 - 10*x**2. What is the tens digit of a(s)?
1
What is the units digit of -5 - (10521/(-36) + (-3)/(-12))?
7
Let y(q) = 883*q + 8. What is the tens digit of y(1)?
9
Suppose 2*m + 74 = 5*s - s, 3*m + 31 = 2*s. Suppose p = 26 - 3. Let c = p - s. What is the units digit of c?
3
Suppose 5*b + 3*l - 5355 = 0, 5*b - 2*l - 1725 - 3605 = 0. What is the units digit of b?
8
Suppose 6430 = 7*f - 2796. What is the tens digit of f?
1
Let c(v) = 13*v - 14. Let r(k) = -k + 6. Let p be r(2). What is the tens digit of c(p)?
3
Suppose -12*u + 2182 + 20558 = 0. What is the units digit of u?
5
Suppose 4695 - 75297 = -82*r. What is the units digit of r?
1
Let z be -9 - -11 - (-1)/((-1)/(-15)). Suppose 0 = -z*m + 12*m + 160. What is the tens digit of m?
3
Let d = -67 + 42. Let u(o) = -7*o - 21. Let w be u(-2). Let n = w - d. What is the units digit of n?
8
Let w = -29 - -28. Let j(s) = 64*s**2 + s. Let p be j(w). Let u = p - 6. What is the units digit of u?
7
Let t(w) = w**2 - 3*w**2 - 2*w**2 + 8*w + 5*w**2 - 3. What is the tens digit of t(5)?
6
Suppose 5*k - 3*c - 26 = 0, 2*c = 4*k - 0*c - 20. Suppose k*b = 18 - 62. Let h = 29 + b. What is the tens digit of h?
1
What is the tens digit of ((-3)/(-42)*7)/(2/3032)?
5
Suppose -739 = -2*v + 139. What is the hundreds digit of v?
4
Let d = 130 - 58. Suppose 435 = 3*w - d. What is the units digit of w?
9
Suppose 676*p - 685*p + 15084 = 0. What is the thousands digit of p?
1
Let a = -682 - -786. What is the units digit of a?
4
What is the hundreds digit of ((-234)/(-104))/(6/464)?
1
Let t = -95 + 781. What is the tens digit of t?
8
Suppose -5*v = 14 + 1, -2*l - 2*v = -1452. What is the tens digit of l?
2
Suppose v = -0*v - 3*f + 9, -5*v + 5*f + 105 = 0. Let o = v - 16. Suppose -d + 5*t = -24, -o*t - 3*t - 15 = 0. What is the units digit of d?
9
Let r = 193 - 40. What is the tens digit of r?
5
Let w be -34 + (-5 - (3 + -6)). What is the tens digit of 1197/4 - w/48?
0
Let f be (1 + -3)*570/(-20). Suppose -51 = -3*q - 2*j + 5*j, -5*j - f = -3*q. Suppose -q*h + 180 = -9*h. What is the units digit of h?
6
Let j(f) be the first derivative of -12 + 0*f**2 - 2/3*f**3 - 1/4*f**4 + 29*f. What is the tens digit of j(0)?
2
Let b = -22 + 21. Let i(r) = 7*r**3 - r**2 - 6*r - 5. Let l(z) = -z**3 + z**2 + z - 1. Let c(u) = b*i(u) - 6*l(u). What is the units digit of c(-6)?
7
Suppose -13*z = -14*z + 1. What is the units digit of -1238*(-5)/50 + z/5?
4
Let p = -9 + 9. Let i = p - -4. Suppose -h + 34 = q, 2*h - 5*h - 122 = -i*q. What is the tens digit of q?
3
Suppose 9*b = 8*b + 26. Suppose -b = -2*j - 2. Suppose -g + 0*g + j = 0. What is the tens digit of g?
1
Let o(k) = -2*k + 16. Let b be o(9). What is the units digit of (9/b)/((-1)/2)?
9
Suppose 12*c - c = 21274. What is the hundreds digit of c?
9
Let q = -2411 - -3772. What is the units digit of q?
1
Suppose 4*g - 32 = 56. Suppose 3*b - b + 3*z - g = 0, 0 = 4*b + 5*z - 44. What is the units digit of b?
1
Let z = -296 - -2099. What is the tens digit of z?
0
Suppose 4*k - 7 = -f + 180, -f - 2*k = -197. What is the tens digit of f?
0
Let o(k) = -45*k + 361. What is the units digit of o(-22)?
1
Let t be (-153)/6*(-2 - -4). Let y be (1 - t) + (3 - 2). Let v = y + -22. What is the units digit of v?
1
Suppose 3*v - 4 - 8 = 0, -h = -2*v + 4. Suppose -o + l = 6*l - 19, -h*o + 3*l + 7 = 0. Suppose o*k - 45 = k. What is the units digit of k?
5
Suppose -2680 = -4*n - 304. Suppose -n = -12*o + 1242. What is the tens digit of o?
5
Suppose 14*p - 150 = 12*p. Suppose -5*v + 190 + p = 0. What is the units digit of v?
3
Suppose j - 3479 = -4*z, 7*j - 5 = 8*j. What is the units digit of z?
1
Let r = 27 + -15. Let t be (45/r)/(6/16). Suppose 0 = 3*b - t - 11. What is the units digit of b?
7
Let b be (-7)/3 + 2 + 469/3. Let x = b + -124. What is the tens digit of x?
3
Let h(u) = 39*u**2 + 5*u - 8. What is the tens digit of h(2)?
5
Let z = 31 - 28. Let q be ((-28)/6)/((-4)/6). Suppose -z*p + q*p - 28 = 0. What is the units digit of p?
7
Suppose 4*s + s = 5. What is the units digit of 4 - (283 - s)/(-3)?
8
Let w(q) = -q**3 + 9*q**2 + 10. Let r be w(9). Let y = -10 + r. Suppose -5*g + 35 + 160 = y. What is the tens digit of g?
3
Suppose q - 5 = -q - s, 5*q + 2*s = 14. Let l = -74 + 124. Suppose -w = 4*i - l, 3*i + q = -5. What is the units digit of w?
2
Let o(u) = u**2 + 6*u + 7. Let j be o(-4). What is the tens digit of (j/(1 - 2))/(27/5211)?
9
Let w be (15/30)/(2/316). Let j = 203 - w. What is the tens digit of j?
2
What is the thousands digit of ((-20043)/34)/(6/4 + -2)?
1
Suppose 2*t + b - 9 = 2*b, 3*b + 17 = t. Let x(z) = 5*z - 6. What is the units digit of x(t)?
4
Suppose 2*r - r = 185. Let b = r - 106. What is the units digit of b?
9
Let w be -32 - 7/(21/(-12)). What is the tens digit of (-172)/(3/(-2)*w/(-21))?
8
Let k = 506 - 225. What is the hundreds digit of k?
2
Suppose 2*j + 5*j = 0. Suppose -5*n + u - 2*u + 330 = 0, j = -n + 5*u + 40. What is the units digit of 156/n*(-10)/(-3)?
8
Suppose -4 + 1 